10) prime?
False
Suppose -651 - 1031 = -2*j. Suppose -4*l + l = 2*b - j, -3*l + 428 = b. Is b a composite number?
True
Let y(w) = -4*w - 1. Suppose 0*u + 4*u = 20, 4*k + 8 = 4*u. Suppose k*l + 5 = -7, -33 = 5*b + 2*l. Is y(b) prime?
True
Suppose 2*u - 4 = -0. Is ((-10)/(-15))/(u/39) prime?
True
Let y(a) = 9131*a**2 - 81*a + 81. Is y(1) a composite number?
True
Let y = -3890 - -11325. Is y prime?
False
Suppose 52*c - 31064 = 44*c. Is c a prime number?
False
Let l = -10 - -11. Let d be (-10 + 6)*l/(-2). Let j(r) = 76*r - 3. Is j(d) a composite number?
False
Let z = -3792 + 7511. Is z composite?
False
Let l = 169174 + -100625. Is l composite?
True
Suppose -4706 + 18428 = 3*d. Is d a composite number?
True
Suppose 5*h - 4*j = 293, 45 = 3*h - 5*j - 123. Suppose -l = 4*z - h, 2*l - 5*z - 75 = 99. Is l prime?
False
Let g(y) = -53*y**3 - 9*y**2 - 11*y + 7. Is g(-4) a composite number?
False
Suppose -35*a - 12 = -31*a. Let k(c) be the third derivative of -13*c**4/8 - 2*c**3/3 + 3*c**2. Is k(a) a composite number?
False
Suppose m + 630 = -3*j + 2*j, 2*m + 1256 = 2*j. Let n = 1988 - m. Is n prime?
True
Let z be 8*1/6*-3. Is 1/z + -7*1335/(-20) prime?
True
Suppose 2382 = -5*t + 11372. Suppose -t = -4*g - 2*z, -22 = -g - 5*z + 414. Is g composite?
True
Suppose 1391 = 3*a - 5524. Is a prime?
False
Let y = 23114 - 15937. Is y composite?
False
Suppose 71*a = 76*a - 10805. Is a prime?
True
Let z = -23 - -21. Let y be (-1 - 1)/(z/228). Suppose -5*r - 837 = -c - 3*c, -c = -5*r - y. Is c prime?
False
Let b(w) = -14*w + 3. Let g be b(-4). Suppose 3*s + 229 = 4*q, 5*q - 5*s - 221 = g. Let n = q - -122. Is n composite?
True
Let w(q) = 42*q**2 - 18*q + 7. Is w(-9) composite?
False
Let y(r) = -r**3 - r**2 + r + 1. Let d be y(-1). Let l be 0 + 4 - 0 - 1. Suppose l*z - 76 - 83 = d. Is z prime?
True
Suppose 0 = 3*p - 2*p + 1, 0 = 2*r - 3*p - 113. Is r composite?
True
Let b = -101181 + 167654. Is b a prime number?
False
Let d be 427427/(-26) + (-2)/4. Is d/(-28) + (-3)/21 a prime number?
True
Let s be 1 + (-1 - 0) - -594. Let r = 344 + -169. Let h = s - r. Is h prime?
True
Let s(k) = -k**2 - 11*k + 8. Let p be s(-11). Let g = -5 + p. Suppose -4*b - 103 = -g*r + 150, r - 5*b = 88. Is r a prime number?
True
Let b = 40355 - 15642. Is b composite?
True
Let o be (-2 - -3) + 10/5. Let g be (-9)/o + (-511)/(-7). Suppose 0 = c - 4*k - g - 47, 3*c - 341 = 2*k. Is c composite?
False
Let l(c) = 21*c**2 + 56*c + 1. Is l(8) prime?
False
Suppose 0 = -z - 4, 3*a - 3296 = a - 4*z. Suppose -3*s + a = 5*c + 415, 2*s + 5*c = 819. Is s composite?
True
Let s(u) = -5*u**3 - 20*u**2 - 28*u - 1. Let n(k) = -4*k**3 - 19*k**2 - 28*k - 1. Let g(f) = 6*n(f) - 5*s(f). Is g(20) a prime number?
False
Suppose -37*h + 16*h = -273. Is h a prime number?
True
Let t(c) = -c**3 + 33*c**2 + 19*c + 40. Is t(17) a prime number?
True
Let o(j) = 38*j + 75. Let x(y) = 115*y + 226. Let n(c) = -7*o(c) + 2*x(c). Is n(-11) a prime number?
False
Let v(l) be the second derivative of l**5/20 - 7*l**4/12 + l**3/3 - 9*l**2/2 - 6*l. Let h be v(7). Suppose -h*r + 749 = -2746. Is r a composite number?
True
Let d = 208 + -82. Suppose -5*q + d = -119. Is q a prime number?
False
Let f(o) = 176*o - 19. Suppose h + 3*d - d - 17 = 0, -3*d = -2*h + 6. Is f(h) prime?
False
Suppose -2*i = -6, -4*h + 2*i = 4 + 2. Suppose 4*b + b - 5 = h, 4*f - 3966 = -2*b. Is f a prime number?
True
Let c = 100210 + -63237. Is c a composite number?
False
Suppose 4140492 = 67*p + 420451. Is p a prime number?
False
Let u(q) = -2*q**2 - 26*q + 5. Let o be u(-13). Suppose o*z = z + 740. Is z composite?
True
Let z(v) be the third derivative of -7*v**4/8 - v**3/6 - 5*v**2. Let f be z(4). Let t = f + 167. Is t a prime number?
False
Let k(y) = 6*y**2 + 2*y - 1. Suppose 0 = -6*c + 3*c + 75. Let p = 23 - c. Is k(p) prime?
True
Let s(x) = 3*x - 4*x + 490*x**2 - 8 + 15*x**2 + 9. Is s(1) a composite number?
True
Let k = 3443 + -1931. Suppose 0*b - 4*b = -k. Let l = 539 - b. Is l prime?
False
Let p(k) = k + 6. Let j be p(-2). Suppose 4*w = 4*r - 1428, -3*r + j*w = -w - 1069. Is r*-4*3/(-8) prime?
False
Let c(y) = 523*y**2 - 13*y + 17. Let t(z) = 261*z**2 - 6*z + 9. Let k(i) = -2*c(i) + 5*t(i). Is k(2) a prime number?
True
Let t = 148 - -565. Suppose -6*k = -1297 - t. Is k prime?
False
Suppose 5*h - j = 36, -6*h + 3*j + 20 = -2*h. Suppose -7*v - 1067 = -h*v. Is v composite?
True
Let f = 1637 + 3944. Let p = f - -808. Is p a composite number?
False
Let h(g) = -9*g + 71. Let l be h(-26). Let d = l + 2124. Is d a prime number?
False
Let l(t) = -1351*t**3 - t**2 - 1. Let i be l(-1). Let a = i - 785. Suppose -4*f = 104 - a. Is f prime?
False
Let r(w) = 2*w**3 - 55*w**2 + 92*w + 6. Is r(41) composite?
True
Let x = 25 + 5. Suppose 0 = c - 4*y - 153 - x, -5*y = 3*c - 464. Is c composite?
False
Let g = 8065 + -654. Is g prime?
True
Suppose -746852 = -30*m - 46*m. Is m composite?
True
Let h(o) = -447*o + 25. Is h(-2) prime?
True
Is 4 - (-5 - -10) - -42590 prime?
True
Let u = 6215 - 2387. Is (-1 - 11/(-9)) + u/27 composite?
True
Suppose 0 = -3*i + 12, -3*i + 13 = 4*x - 7. Is (1 - (-3 - -482))*(-1)/x composite?
False
Let k(t) be the first derivative of -t**4/4 - 10*t**3/3 + t**2 + 12*t + 28. Is k(-11) a composite number?
True
Let s = -21 + 26. Suppose 13 = -4*c - 3, -5*a + s*c = -735. Is a a prime number?
False
Suppose -2*o + 5*c + 6 = 0, 2*o + 4*c - 6 = 6*c. Let v(y) = 764*y - 5. Is v(o) a composite number?
False
Suppose -2396 = -3*v + t, -v - v + 1589 = t. Is v prime?
True
Suppose -542 = -i + b, -4*i + 1038 + 1122 = 4*b. Suppose -2*g = -g - i. Is g a composite number?
False
Suppose -x + 2*q = -q - 16, x - q = 8. Is x/(-6)*45951/(-34) a composite number?
True
Let k = 796 - 419. Is k composite?
True
Let l(t) = -7539*t - 822. Is l(-9) composite?
True
Let q = -6 - -16. Let x(z) = 3*z**2 + 8*z + 14. Let g be x(q). Let o = -203 + g. Is o a prime number?
True
Let a = 20 + -15. Suppose d - 5*w = 1342, 4*d - a*w + 2*w = 5351. Is d a composite number?
True
Suppose 3*h = -2*o + 206771, -3*h + 5 = 8. Is o prime?
True
Let k(d) = 1832*d - 1037. Is k(5) a prime number?
True
Let a(l) = -l**3 - 3*l**2 + 6*l + 6. Let d be a(-4). Let s = 12 - 12. Is ((-291)/6 + s)*d a composite number?
False
Suppose 6*c = 7*c + 5*i - 39003, 5*i = 10. Is c prime?
True
Let i(l) = 37*l + 11. Let z be i(7). Is -1 + z + (2 - (-2 - -6)) prime?
False
Let c be 4*4/(80/(-35)). Is c/42 + (-8630)/(-12) a composite number?
False
Suppose 4*m + 5*g = 4706, -4*g - 5862 = -m - 4*m. Suppose 3*j - m = j. Is j a composite number?
False
Suppose -5449*h + 276493 = -5442*h. Is h a prime number?
True
Let b(i) = i**3 + i**2 - 20*i + 4. Let a be b(-5). Suppose -5*r - g = -5418 - 590, r = a*g + 1189. Is r a composite number?
False
Let v = -82 + 258. Let a = v + -87. Is a prime?
True
Let s(c) = c**3 - c**2 - 2*c. Let i be s(3). Let h be i/(-28) - 76/(-14). Suppose 4*g - 6*k - 451 = -3*k, -h*g - 3*k + 530 = 0. Is g composite?
False
Let o = 11862 + -4867. Is o composite?
True
Let k(p) = p**3 - 6*p**2 + 3*p - 13. Let g be k(6). Suppose -x - b = -3*b - 517, -4*b = -g*x + 2597. Is x prime?
True
Suppose -r + 6 = 62*f - 63*f, -2*r = 3*f + 28. Let p(m) = m**3 - 2*m - 5 - 10*m + 3*m + 9*m**2. Is p(f) composite?
False
Suppose 5760 = 5*w - 5*j, -15 = 165*j - 168*j. Is w composite?
True
Suppose 0 = 5*b - n - 35250, 4*b - 11134 - 17060 = 2*n. Is b composite?
True
Suppose -35538 = -4*m - 2*o, -5*m + 43705 + 721 = -o. Is m a prime number?
False
Let f = -146 - -703. Let o = f - -128. Is o a composite number?
True
Suppose -d + 13462 = 3*b - 10855, b - 72919 = -3*d. Is d a composite number?
True
Let j(q) = 3*q**2 - 16*q - 28. Let n be j(-17). Let g = n - 672. Is g composite?
False
Let v(a) = -19*a. Let r be (-3)/(-12) - (-51)/4. Suppose -4*n = 5*j - 7, 3*n + n - r = j. Is v(j) prime?
True
Let v(g) = 9*g**3 + 7*g**2 + 15*g - 24. Is v(7) composite?
False
Let c(a) = a**3 + 3*a**2 - 5*a - 4. Let m be c(-3). Suppose -m*w = -17*w + 858. Is w composite?
True
Let h(d) = -d**3 - 10*d**2. Let c be -8 - 7/(21/6). Let i be h(c). Suppose f - x - 62 = i, 0 = -4*f - x - 112 + 385. Is f composite?
False
Is (-20 - (-5 - 12))/((-3)/15817) a composite number?
False
Suppose 0 = 15*k - 56*k + 246082. Is k composite?
True
Let k = 6 - 2. Let b(a) = a**2 - a + 1. Let n be b(k)